- 4. What is f(j)?
-19
Let q(p) be the first derivative of 3*p**2/2 + 7*p - 946. What is q(-4)?
-5
Let m(j) = 21858*j + 50. Let c(w) = 17174*w + 40. Let g(v) = -14*c(v) + 11*m(v). Let o be 38/6 + (-2)/6. Calculate g(o).
2
Let g(x) = -x**2 + x. Let l(h) = 3*h**2 - 8*h + 4. Let z(c) = -2*g(c) - l(c). Suppose -94*n - 118 = 229 - 817. Determine z(n).
1
Let a(s) = -2*s**3 + 6*s**2 + 3*s + 2. Let t be 1030/(-65) + (-2)/13. Let v = t + 17. Let y(d) = d**3 + d**2 - d + 1. Let p(z) = v*a(z) + y(z). Determine p(7).
17
Let z be -11 + ((-1*924)/(-11))/3. Let p(o) = 2*o**3 - 32*o**2 - 37*o + 55. Calculate p(z).
4
Let s(m) be the third derivative of m**8/6720 - m**7/280 + m**5/40 + 37*m**4/12 + 42*m**2 + 2. Let b(u) be the second derivative of s(u). Give b(9).
3
Let u(v) = -3 - v**3 - 21*v**2 + 878453*v + 7*v**2 - 878461*v. Give u(-14).
109
Suppose 3*c + 4*n + 181 - 153 = 0, -3*n = 12. Let p(o) = o**2 - 3*o. What is p(c)?
28
Let t be 15/(-6) - -4 - 5/(-10). Let o(h) be the first derivative of 0*h - 1/3*h**3 + 25 - 4*h**t. Give o(-6).
12
Let t be 8 + (15 - 473/22). Let f(l) be the second derivative of 0 + 13*l + 2/3*l**3 + 1/4*l**4 + t*l**2. Calculate f(-2).
7
Let n(b) be the second derivative of b**5/20 + b**4/12 + b**3/6 - b**2/2 + 831*b. Determine n(1).
2
Let y be (-20)/40 + (-1)/(6/(-27)). Suppose -16 = -y*m, -z + 4*m - 10 = 9. Let j(p) = p**3 + 3*p**2 - p + 3. Give j(z).
6
Let t = 76 - 77. Let y be (-1)/((-1 + 0)*t)*-2. Let f(j) = 4*j - 1 - 2*j + 2*j**y + 8*j**3 - 3*j**2 - 4*j**3. Determine f(1).
4
Let h(o) = -1028*o + 185. Let b(r) = 458*r - 93. Let w(z) = -9*b(z) - 4*h(z). Calculate w(11).
-13
Let b(j) = 8*j - 2*j**3 + 126378 - 3*j**2 - 126410 + 12*j**2. What is b(4)?
16
Let m(t) = t**2 - 7*t - 3. Let b(k) = k**3 - 3*k**2 + 7. Let f = -153 + 156. Let y be b(f). Calculate m(y).
-3
Suppose 6*z + 19 = -65. Let q be z/14*(-1 - 0) - 2. Let m be 6/((q - 20/(-8))/(-2)). Let s(j) = -j**2 - 9*j - 7. What is s(m)?
1
Let d(g) = g**3 - 4*g**2 - 2*g + 3. Let m = -597 - -594. Let s be (-4)/(-24)*-8*m. Calculate d(s).
-5
Let u(l) be the second derivative of 1/2*l**2 + 0 + 1/2*l**3 - 1/6*l**4 - 154*l. Suppose 0*g - 6 = 3*g. What is u(g)?
-13
Let b be ((-18)/4)/((-3)/4). Let v(o) = -o**3 + 5*o**2 - 5*o - 51. Let h(m) = -m**3 + 6*m**2 - 6*m - 36. Let z(q) = 3*h(q) - 2*v(q). Determine z(b).
18
Let b(w) = 3*w - 6. Suppose 4*v - 6 - 26 = 0. Suppose -2*n - 264 = -v*n. Suppose 49*q - 30 = n*q. Calculate b(q).
12
Let u(x) = -x**3 + 8*x**2 - 5*x - 10. Let r be ((-5)/(-3) + 1/(-2))/(36/216). Determine u(r).
4
Suppose 2*c - c - 5 = -4*k, -5*c + 5*k - 25 = 0. Let i(b) = 10*b**2 + 4 + 6*b**2 - 1 - 13*b**2 + 4*b. Give i(c).
18
Let l be ((-1)/(10/24))/((-38)/4465). Let w = l - 279. Let c(i) = i**2 - i - 1. Determine c(w).
5
Suppose -4*n - 16*h = -21*h - 12, n - 2*h = 6. Let d(u) = -u**3 - 4*u**2 - 8*u - 4. Calculate d(n).
4
Let b(u) = 0*u**2 - 36*u**2 + 22*u**2 - 10*u + 9*u**2 + 11. What is b(1)?
-4
Suppose -6*w + 13*w + 70 = 0. Let i(t) = t**3 + 11*t**2 + 12*t + 35. Determine i(w).
15
Let g(t) be the first derivative of 1/3*t**3 - 107 - 3/2*t**2 - 3/4*t**4 + t. Give g(1).
-4
Let x(m) be the first derivative of m**5/120 - 5*m**4/12 - m**3 - m**2/2 + 26. Let g(v) be the third derivative of x(v). Calculate g(12).
2
Let f = 10 - 10. Suppose -2*u = -j - 1, 0 = 6*u + 2*j - 17 - 1. Let z be 1/u*(-4 - -6)*f. Let d(o) = -o - 3. Give d(z).
-3
Let v(z) be the second derivative of 0 + 1/12*z**4 - 9/2*z**2 + z**3 - 47*z. Determine v(-7).
-2
Let i(a) = 268*a. Let x(g) = -95*g. Let f(j) = 7*i(j) + 20*x(j). Give f(2).
-48
Let b(x) = x**3 + x**2 - 5*x + 2. Let i be b(3). Let w(s) = -42*s + 9 + 17*s + i*s. Calculate w(5).
-1
Let i(u) = u**3 - 6*u**2 - 3*u - 3. Let c(v) = -v**3 + 34*v**2 - 15*v + 513. Let x be c(34). Determine i(x).
-39
Let a(y) = y**2 - y - 7. Let j be a(-5). Let q(r) = r**2 - 23*r + 59. Let u be q(19). Let o = j + u. Let v(c) = c**3 - 5*c**2 - 5*c - 4. Determine v(o).
2
Suppose -6*u + 43 + 5 = 0. Let y be -1 - ((-160)/(-28) - u/(-28)). Let m(l) = -5*l - 8. Determine m(y).
27
Let n(f) be the second derivative of -5*f**4/3 + f**2/2 - 182*f + 5. Let i be (1/1)/(1/5). Suppose 0 = 6*y - y - i. Give n(y).
-19
Let i(d) be the first derivative of d**4 + 2*d**3/3 - d - 3. Let q be i(1). Suppose 10 = q*t, -3*x - 2*t + 14 = -t. Let u(y) = -y. Give u(x).
-4
Let u(a) = 2*a**2 + 42*a - 57. Let z(r) = r**2 + 19*r - 32. Let s(j) = 6*u(j) - 13*z(j). Calculate s(-7).
-10
Let u be 23/92 - (-426)/(-8). Let k = 15 + u. Let o = -42 - k. Let i(d) = d + 5. Give i(o).
1
Let b(j) = j. Let w(i) = 31. Let z(u) = 67. Let x(v) = -13*w(v) + 6*z(v). Let p(n) = 3*b(n) - 2*x(n). What is p(-3)?
-7
Let u(y) = -2*y**3 + y**2. Let f(z) = -z**2 - z + 7. Let p be 3 + (-3 - 7)/5. Let k be (-3)/(-12) - p - (-108)/(-48). Let h be f(k). Give u(h).
-1
Let d = -2604 + 2596. Let g(b) be the first derivative of b**4/4 + 7*b**3/3 - 9*b**2/2 + 5*b - 1. Determine g(d).
13
Let r(q) = -2*q**3 - 45*q**2 - 21*q + 25. Let m be r(-22). Let y(h) = 12*h**3 - 30*h**3 + 29*h**m + 5*h**3 - h**2. Calculate y(1).
15
Suppose 4*f = 30 - 10, 0 = 3*b + 2*f - 61. Let q = -10 + b. Let h(i) = -7*i - q*i**2 + 32 - i**3 - 35 + i. What is h(-6)?
-3
Let l(b) = -2*b**3 + 2*b**2 + b + 4. Suppose -4*o + 2*r + 11 = -3*r, 0 = -r + 1. Calculate l(o).
-88
Let y(o) = 3*o + 3. Suppose 249 = 9*f + 69. Suppose -3*v = -5*j + f, 5*v + 5 = 4*v + 2*j. Let n = v - -13. Give y(n).
-3
Suppose -4*s + 17 = -15. Suppose -s*w = -23*w + 30. Let r(i) = -6 - w*i**2 + 3*i**2 + 12*i - 3 - 2*i**2. Calculate r(11).
2
Let l(o) be the second derivative of -3*o**4/4 + 7*o**3/6 - 9*o**2/2 - 2678*o. What is l(4)?
-125
Let k(h) = -5*h - 565. Let m(y) = -5*y - 528. Let s(i) = -11*k(i) + 12*m(i). Determine s(-24).
-1
Let s(j) = -j**2 + 8*j + 3. Let t be s(8). Let a(i) = 2*i**2 - i**2 - i + i**2 + i**t + 5*i**2 - 5. Let b be -1 - (13 - (9 - 2)). Determine a(b).
2
Let q(f) = -26 + 6*f - 4*f**3 + 3*f**3 - 18*f + 0*f**3 - 2*f**2 - 7*f**2. Determine q(-8).
6
Let v(u) = 27*u + 4 + 10 - 26 + 13. Give v(2).
55
Let l(i) = i**3 + 5*i**2 + 7*i + 6. Suppose -26*g = -21*g - 10. Suppose -g*a - 5*r = -2, -10*r - 12 = 2*a - 12*r. Give l(a).
-6
Let w = 7277 - 7281. Let l(f) = -f**2 + f + 1. Let k(m) = 5*m**2 - 3*m - 1. Let q(y) = k(y) + 4*l(y). What is q(w)?
15
Let t(b) = 528 + 457 - 983 - 4*b. Suppose 2*h + 11 = 5*z - 11, 0 = -3*z + 3*h + 6. What is t(z)?
-22
Suppose 685*m = 623*m. Let o(b) be the third derivative of 5/6*b**3 - 1/60*b**5 + 1/12*b**4 + 11*b**2 + 0*b + m. What is o(-4)?
-19
Let z be 798/(-84) + (-44)/8. Let d(q) = -2*q**2 - 30*q - 11. Determine d(z).
-11
Let t(y) = -526*y**2 - 536*y**2 - 4 + 1063*y**2 + 30*y - 7 - 1. Calculate t(-30).
-12
Let l(d) = -4*d - 4*d**3 - 1 + 4*d**3 - d**3 + d**2. Suppose -3*w + s = 3, -32*s + 28*s = 5*w - 63. Give l(w).
-31
Let f be 27/(-297)*143 + 1/1. Let o(w) = -28*w - 347. Determine o(f).
-11
Let z(x) be the first derivative of 2*x**3/3 - 3*x**2 - 29*x + 2049. Calculate z(-3).
7
Suppose -129 - 885 = 169*v. Let n(m) = m**2 - m - 47. Give n(v).
-5
Let h(v) be the second derivative of v**3/6 - 4*v**2 - 2379*v. Determine h(-13).
-21
Let w(a) = -7*a**3 + 8*a**2 + 7*a + 8. Let g(r) = 20*r + 23 + 19*r**2 - 67*r**3 + 2*r**2 + 47*r**3. Let y(k) = 6*g(k) - 17*w(k). Let h = -22 + 12. Give y(h).
-8
Let p(x) = x**2 + x - 3. Let h(g) = g**2 - 4. Let z = 91 - 89. Let w be ((-6)/8)/((-1)/(-4)). Let l(y) = w*p(y) + z*h(y). Determine l(-4).
-3
Suppose -2*r = 3*l + 3, -l - 37 = -34. Let b(i) = -i. Let p(v) = 2*v + 1. Let n(x) = 9*b(x) + 4*p(x). What is n(r)?
1
Let c = -6 - -14. Suppose -4*l - 5 = j + c, 4*l = -2*j - 14. Let p(t) = -24*t - 9. Let r(n) = -7*n - 3. Let v(q) = -2*p(q) + 7*r(q). Calculate v(l).
0
Let z(c) = 2*c**3 + 54*c**2 + 2*c + 56. Let w be z(-27). Suppose 3*q + 4*u = 8*q + 45, u = w*q + 15. Let f(v) = 2*v**2 + 11*v + 7. Give f(q).
2
Let z(q) = 3*q**2 - 34*q - 14. Let r(n) = -4*n**2 + 41*n + 14. Let w(y) = 2*r(y) + 3*z(y). Give w(22).
30
Let g be (-8)/(-90)*10 + (-3560)/360. Let z(q) = -2*q**3 - 19*q**2 - 11*q + 7. Give z(g).
25
Suppose 36 - 11 = -5*y. Let d = y + -13. Let m be 8/1*9/d. Let s(h) = h**3 + 5*h**2 + 2*h - 2. Determine s(m).
6
Let r(a) = -112*a + 2. Let u be 216/540 + ((-156)/15 - -3) + 6. Give r(u).
114
Let l be ((-7)/3)/(9/27). Let k(q) be the